{"id":87,"date":"2023-02-01T17:20:45","date_gmt":"2023-02-01T16:20:45","guid":{"rendered":"https:\/\/locationsononantes.com\/?post_type=product&#038;p=87"},"modified":"2023-02-08T15:46:53","modified_gmt":"2023-02-08T14:46:53","slug":"location-pack-sono-eclairage-maxi-40-personnes","status":"publish","type":"product","link":"https:\/\/locationsononantes.com\/index.php\/produit\/location-pack-sono-eclairage-maxi-40-personnes\/","title":{"rendered":"Location pack sonorisation + \u00e9clairage pr\u00eat a danser maxi 40 personnes"},"content":{"rendered":"<div>\n<h3>Location pack sonorisation + \u00e9clairage pr\u00eat a danser maxi 40 personnes<\/h3>\n<\/div>\n<div>Nous vous proposons la location d&rsquo;un kit ensemble sonorisation avec \u00e9clairage complet pour 40 personnes.<\/div>\n<div><\/div>\n<div>Choisie essentiellement en fonction du nombre de personnes.<\/div>\n<div>\n<p><span style=\"font-size: 16px;\">Quoiqu&rsquo;il en soit, quelques minutes suffisent pour mettre en place ma location du kit de sonorisation, mais aussi d&rsquo;\u00e9clairage dansant.<\/span><\/p>\n<\/div>\n<h3>Composition de mon pack maxi 40 personnes ?<\/h3>\n<div>En premier lieu, notre \u00e9quipe contr\u00f4le le mat\u00e9riel qui compose le pack sonorisation + \u00e9clairage maxi 40 personnes et v\u00e9rifie le bon fonctionnement avant votre d\u00e9part.<\/div>\n<div><\/div>\n<div>Le syst\u00e8me de\u00a0sonorisation\u00a0actif est le db 602\u00a0Line Array\u00a0<a href=\"https:\/\/www.dbtechnologies.com\/fr\/produits\/discontinued-products\/es-602-p3923\/\" target=\"_blank\" rel=\"noreferrer noopener\">db technologie <\/a>. Sono\u00a0compacte\u00a0pour un son puissant avec ampli int\u00e9gr\u00e9 d\u00e9veloppant\u00a0400 Watts rms.<\/div>\n<p>Le pack sonorisation + \u00e9clairage maxi 40 personnes comporte une console Behringer Xenyx 302, v\u00e9ritable hub son, simple d&rsquo;utilisation. La table de mixage comprend une entr\u00e9e micro, ainsi qu&rsquo;une entr\u00e9e st\u00e9r\u00e9o niveau ligne. Elle comprend \u00e9galement un \u00e9qualiseur 2 bandes par canal et un bouton master. Son interface USB avec carte son num\u00e9rique int\u00e9gr\u00e9e permet le branchement direct sur votre ordinateur. Un c\u00e2ble jack rca non fourni peut \u00e9galement \u00eatre utilise.<\/p>\n<p>Le pack sonorisation + \u00e9clairage\u00a0 maxi 40 personne comporte un pied d\u2019\u00e9clairage et un jeu de lumi\u00e8re, l&rsquo;invader. Il\u00a0 r\u00e9unit en un m\u00eame appareil un Laser, un stroboscope et un effet Derby.<\/p>\n<p>Il fonctionne en automatique par une source sonore externe gr\u00e2ce \u00e0 son micro int\u00e9gr\u00e9.<\/p>\n<p>Ses merveilleux motifs laser rouge (150 mW)\/vert (50 mW), ses 8 LEDs blanche de 1 watt assurant des effets stroboscopiques brillants et extr\u00eamement rapides et un effet Derby \u00e0 LED, identique \u00e0 notre LED DEVIL (5 diodes \u00e9lectroluminescentes de 3 watts de diff\u00e9rentes couleurs : rouge, vert, bleu, orange, blanc) pour cr\u00e9er des effets de lumi\u00e8res anim\u00e9s et impressionnants.<\/p>\n<p>Dans ma location du pack sonorisation + \u00e9clairage pr\u00eat a danser maxi 40 personne sont fournis tous les c\u00e2bles de raccordement audio mais pas les rallonges et multiprises.<\/p>\n<ul>\n<li>Maxi 40 personnes<\/li>\n<li>Sonorisation et \u00e9clairage<\/li>\n<li>Pr\u00eat \u00e0 danser<\/li>\n<li>Son puissant<\/li>\n<li>Installation rapide<\/li>\n<li>Utilisation facile<\/li>\n<\/ul>\n","protected":false},"excerpt":{"rendered":"<p>Kit ensemble sonorisation avec \u00e9clairage complet pour 40 personnes.<\/p>\n","protected":false},"featured_media":88,"comment_status":"open","ping_status":"closed","template":"","meta":[],"product_brand":[],"product_cat":[20],"product_tag":[],"class_list":{"0":"post-87","1":"product","2":"type-product","3":"status-publish","4":"has-post-thumbnail","6":"product_cat-location-pack-sonorisation-avec-eclairage","8":"first","9":"instock","10":"shipping-taxable","11":"product-type-simple"},"aioseo_notices":[],"acf":[],"_links":{"self":[{"href":"https:\/\/locationsononantes.com\/index.php\/wp-json\/wp\/v2\/product\/87","targetHints":{"allow":["GET"]}}],"collection":[{"href":"https:\/\/locationsononantes.com\/index.php\/wp-json\/wp\/v2\/product"}],"about":[{"href":"https:\/\/locationsononantes.com\/index.php\/wp-json\/wp\/v2\/types\/product"}],"replies":[{"embeddable":true,"href":"https:\/\/locationsononantes.com\/index.php\/wp-json\/wp\/v2\/comments?post=87"}],"wp:featuredmedia":[{"embeddable":true,"href":"https:\/\/locationsononantes.com\/index.php\/wp-json\/wp\/v2\/media\/88"}],"wp:attachment":[{"href":"https:\/\/locationsononantes.com\/index.php\/wp-json\/wp\/v2\/media?parent=87"}],"wp:term":[{"taxonomy":"product_brand","embeddable":true,"href":"https:\/\/locationsononantes.com\/index.php\/wp-json\/wp\/v2\/product_brand?post=87"},{"taxonomy":"product_cat","embeddable":true,"href":"https:\/\/locationsononantes.com\/index.php\/wp-json\/wp\/v2\/product_cat?post=87"},{"taxonomy":"product_tag","embeddable":true,"href":"https:\/\/locationsononantes.com\/index.php\/wp-json\/wp\/v2\/product_tag?post=87"}],"curies":[{"name":"wp","href":"https:\/\/api.w.org\/{rel}","templated":true}]}}